{"id":53,"date":"2021-01-01T13:27:19","date_gmt":"2021-01-01T12:27:19","guid":{"rendered":"http:\/\/toutevenement.fr\/evcv_new\/?page_id=53"},"modified":"2025-05-08T15:18:00","modified_gmt":"2025-05-08T13:18:00","slug":"les-concerts","status":"publish","type":"page","link":"https:\/\/toutevenement.fr\/evcv_new\/index.php\/les-concerts\/","title":{"rendered":"Les concerts"},"content":{"rendered":"\n<div class=\"wp-block-columns is-layout-flex wp-container-core-columns-is-layout-1 wp-block-columns-is-layout-flex\">\n<div class=\"wp-block-column is-layout-flow wp-block-column-is-layout-flow\">\n<figure class=\"wp-block-gallery has-nested-images columns-default is-cropped wp-block-gallery-1 is-layout-flex wp-block-gallery-is-layout-flex\">\n<figure class=\"wp-block-image size-large\"><img loading=\"lazy\" decoding=\"async\" width=\"724\" height=\"1024\" src=\"https:\/\/toutevenement.fr\/evcv_new\/wp-content\/uploads\/2025\/05\/25CONCERT_AUBE_OK_base-724x1024.jpg\" alt=\"\" class=\"wp-image-310\" style=\"aspect-ratio:1\" srcset=\"https:\/\/toutevenement.fr\/evcv_new\/wp-content\/uploads\/2025\/05\/25CONCERT_AUBE_OK_base-724x1024.jpg 724w, https:\/\/toutevenement.fr\/evcv_new\/wp-content\/uploads\/2025\/05\/25CONCERT_AUBE_OK_base-212x300.jpg 212w, https:\/\/toutevenement.fr\/evcv_new\/wp-content\/uploads\/2025\/05\/25CONCERT_AUBE_OK_base-768x1086.jpg 768w, https:\/\/toutevenement.fr\/evcv_new\/wp-content\/uploads\/2025\/05\/25CONCERT_AUBE_OK_base-1086x1536.jpg 1086w, https:\/\/toutevenement.fr\/evcv_new\/wp-content\/uploads\/2025\/05\/25CONCERT_AUBE_OK_base.jpg 1414w\" sizes=\"(max-width: 724px) 100vw, 724px\" \/><\/figure>\n<\/figure>\n<\/div>\n\n\n\n<div class=\"wp-block-column is-layout-flow wp-block-column-is-layout-flow\">\n<figure class=\"wp-block-image size-large\"><img loading=\"lazy\" decoding=\"async\" width=\"724\" height=\"1024\" src=\"https:\/\/toutevenement.fr\/evcv_new\/wp-content\/uploads\/2024\/04\/24LACIOTAT_conc_EVCV_OK-724x1024.jpg\" alt=\"\" class=\"wp-image-293\" srcset=\"https:\/\/toutevenement.fr\/evcv_new\/wp-content\/uploads\/2024\/04\/24LACIOTAT_conc_EVCV_OK-724x1024.jpg 724w, https:\/\/toutevenement.fr\/evcv_new\/wp-content\/uploads\/2024\/04\/24LACIOTAT_conc_EVCV_OK-212x300.jpg 212w, https:\/\/toutevenement.fr\/evcv_new\/wp-content\/uploads\/2024\/04\/24LACIOTAT_conc_EVCV_OK-768x1086.jpg 768w, https:\/\/toutevenement.fr\/evcv_new\/wp-content\/uploads\/2024\/04\/24LACIOTAT_conc_EVCV_OK-1086x1536.jpg 1086w, https:\/\/toutevenement.fr\/evcv_new\/wp-content\/uploads\/2024\/04\/24LACIOTAT_conc_EVCV_OK-1448x2048.jpg 1448w, https:\/\/toutevenement.fr\/evcv_new\/wp-content\/uploads\/2024\/04\/24LACIOTAT_conc_EVCV_OK-1440x2037.jpg 1440w, https:\/\/toutevenement.fr\/evcv_new\/wp-content\/uploads\/2024\/04\/24LACIOTAT_conc_EVCV_OK.jpg 1587w\" sizes=\"(max-width: 724px) 100vw, 724px\" \/><\/figure>\n<\/div>\n\n\n\n<div class=\"wp-block-column is-layout-flow wp-block-column-is-layout-flow\">\n<figure class=\"wp-block-image size-large\"><img loading=\"lazy\" decoding=\"async\" width=\"724\" height=\"1024\" src=\"https:\/\/toutevenement.fr\/evcv_new\/wp-content\/uploads\/2024\/04\/24Marseille_conc_EVCV_v02-724x1024.jpg\" alt=\"\" class=\"wp-image-292\" srcset=\"https:\/\/toutevenement.fr\/evcv_new\/wp-content\/uploads\/2024\/04\/24Marseille_conc_EVCV_v02-724x1024.jpg 724w, https:\/\/toutevenement.fr\/evcv_new\/wp-content\/uploads\/2024\/04\/24Marseille_conc_EVCV_v02-212x300.jpg 212w, https:\/\/toutevenement.fr\/evcv_new\/wp-content\/uploads\/2024\/04\/24Marseille_conc_EVCV_v02-768x1086.jpg 768w, https:\/\/toutevenement.fr\/evcv_new\/wp-content\/uploads\/2024\/04\/24Marseille_conc_EVCV_v02-1086x1536.jpg 1086w, https:\/\/toutevenement.fr\/evcv_new\/wp-content\/uploads\/2024\/04\/24Marseille_conc_EVCV_v02.jpg 1414w\" sizes=\"(max-width: 724px) 100vw, 724px\" \/><\/figure>\n<\/div>\n<\/div>\n\n\n\n<div class=\"wp-block-columns is-layout-flex wp-container-core-columns-is-layout-2 wp-block-columns-is-layout-flex\">\n<div class=\"wp-block-column is-layout-flow wp-block-column-is-layout-flow\">\n<figure class=\"wp-block-image size-large\"><img loading=\"lazy\" decoding=\"async\" width=\"724\" height=\"1024\" src=\"https:\/\/toutevenement.fr\/evcv_new\/wp-content\/uploads\/2023\/11\/23cecile_aff-724x1024.jpg\" alt=\"\" class=\"wp-image-275\" srcset=\"https:\/\/toutevenement.fr\/evcv_new\/wp-content\/uploads\/2023\/11\/23cecile_aff-724x1024.jpg 724w, https:\/\/toutevenement.fr\/evcv_new\/wp-content\/uploads\/2023\/11\/23cecile_aff-212x300.jpg 212w, https:\/\/toutevenement.fr\/evcv_new\/wp-content\/uploads\/2023\/11\/23cecile_aff-768x1086.jpg 768w, https:\/\/toutevenement.fr\/evcv_new\/wp-content\/uploads\/2023\/11\/23cecile_aff-1086x1536.jpg 1086w, https:\/\/toutevenement.fr\/evcv_new\/wp-content\/uploads\/2023\/11\/23cecile_aff-1448x2048.jpg 1448w, https:\/\/toutevenement.fr\/evcv_new\/wp-content\/uploads\/2023\/11\/23cecile_aff-1440x2037.jpg 1440w, https:\/\/toutevenement.fr\/evcv_new\/wp-content\/uploads\/2023\/11\/23cecile_aff-scaled.jpg 1810w\" sizes=\"(max-width: 724px) 100vw, 724px\" \/><\/figure>\n<\/div>\n\n\n\n<div class=\"wp-block-column is-layout-flow wp-block-column-is-layout-flow\">\n<figure class=\"wp-block-image size-large\"><img loading=\"lazy\" decoding=\"async\" width=\"724\" height=\"1024\" src=\"https:\/\/toutevenement.fr\/evcv_new\/wp-content\/uploads\/2023\/12\/24ROIS_web-724x1024.jpg\" alt=\"\" class=\"wp-image-283\" srcset=\"https:\/\/toutevenement.fr\/evcv_new\/wp-content\/uploads\/2023\/12\/24ROIS_web-724x1024.jpg 724w, https:\/\/toutevenement.fr\/evcv_new\/wp-content\/uploads\/2023\/12\/24ROIS_web-212x300.jpg 212w, https:\/\/toutevenement.fr\/evcv_new\/wp-content\/uploads\/2023\/12\/24ROIS_web-768x1086.jpg 768w, https:\/\/toutevenement.fr\/evcv_new\/wp-content\/uploads\/2023\/12\/24ROIS_web-1086x1536.jpg 1086w, https:\/\/toutevenement.fr\/evcv_new\/wp-content\/uploads\/2023\/12\/24ROIS_web.jpg 1191w\" sizes=\"(max-width: 724px) 100vw, 724px\" \/><\/figure>\n<\/div>\n\n\n\n<div class=\"wp-block-column is-layout-flow wp-block-column-is-layout-flow\">\n<figure class=\"wp-block-image size-large\"><img loading=\"lazy\" decoding=\"async\" width=\"724\" height=\"1024\" src=\"https:\/\/toutevenement.fr\/evcv_new\/wp-content\/uploads\/2024\/04\/24Sollies_EVCV_Affiche_page-0001-724x1024.jpg\" alt=\"\" class=\"wp-image-291\" srcset=\"https:\/\/toutevenement.fr\/evcv_new\/wp-content\/uploads\/2024\/04\/24Sollies_EVCV_Affiche_page-0001-724x1024.jpg 724w, https:\/\/toutevenement.fr\/evcv_new\/wp-content\/uploads\/2024\/04\/24Sollies_EVCV_Affiche_page-0001-212x300.jpg 212w, https:\/\/toutevenement.fr\/evcv_new\/wp-content\/uploads\/2024\/04\/24Sollies_EVCV_Affiche_page-0001-768x1086.jpg 768w, https:\/\/toutevenement.fr\/evcv_new\/wp-content\/uploads\/2024\/04\/24Sollies_EVCV_Affiche_page-0001-1086x1536.jpg 1086w, https:\/\/toutevenement.fr\/evcv_new\/wp-content\/uploads\/2024\/04\/24Sollies_EVCV_Affiche_page-0001-1448x2048.jpg 1448w, https:\/\/toutevenement.fr\/evcv_new\/wp-content\/uploads\/2024\/04\/24Sollies_EVCV_Affiche_page-0001-1440x2037.jpg 1440w, https:\/\/toutevenement.fr\/evcv_new\/wp-content\/uploads\/2024\/04\/24Sollies_EVCV_Affiche_page-0001-scaled.jpg 1810w\" sizes=\"(max-width: 724px) 100vw, 724px\" \/><\/figure>\n<\/div>\n<\/div>\n\n\n\n<div class=\"wp-block-columns is-layout-flex wp-container-core-columns-is-layout-3 wp-block-columns-is-layout-flex\">\n<div class=\"wp-block-column is-layout-flow wp-block-column-is-layout-flow\">\n<figure class=\"wp-block-image size-large\"><img loading=\"lazy\" decoding=\"async\" width=\"724\" height=\"1024\" src=\"https:\/\/toutevenement.fr\/evcv_new\/wp-content\/uploads\/2022\/06\/22haumontBD-724x1024.jpg\" alt=\"\" class=\"wp-image-233\" srcset=\"https:\/\/toutevenement.fr\/evcv_new\/wp-content\/uploads\/2022\/06\/22haumontBD-724x1024.jpg 724w, https:\/\/toutevenement.fr\/evcv_new\/wp-content\/uploads\/2022\/06\/22haumontBD-212x300.jpg 212w, https:\/\/toutevenement.fr\/evcv_new\/wp-content\/uploads\/2022\/06\/22haumontBD-768x1086.jpg 768w, https:\/\/toutevenement.fr\/evcv_new\/wp-content\/uploads\/2022\/06\/22haumontBD-1086x1536.jpg 1086w, https:\/\/toutevenement.fr\/evcv_new\/wp-content\/uploads\/2022\/06\/22haumontBD-1448x2048.jpg 1448w, https:\/\/toutevenement.fr\/evcv_new\/wp-content\/uploads\/2022\/06\/22haumontBD-1440x2037.jpg 1440w, https:\/\/toutevenement.fr\/evcv_new\/wp-content\/uploads\/2022\/06\/22haumontBD-scaled.jpg 1810w\" sizes=\"(max-width: 724px) 100vw, 724px\" \/><\/figure>\n<\/div>\n\n\n\n<div class=\"wp-block-column is-layout-flow wp-block-column-is-layout-flow\">\n<figure class=\"wp-block-image size-large is-style-default\"><img loading=\"lazy\" decoding=\"async\" width=\"724\" height=\"1024\" src=\"https:\/\/toutevenement.fr\/evcv_new\/wp-content\/uploads\/2022\/12\/23roi_afficheHD-724x1024.jpg\" alt=\"\" class=\"wp-image-261\" srcset=\"https:\/\/toutevenement.fr\/evcv_new\/wp-content\/uploads\/2022\/12\/23roi_afficheHD-724x1024.jpg 724w, https:\/\/toutevenement.fr\/evcv_new\/wp-content\/uploads\/2022\/12\/23roi_afficheHD-212x300.jpg 212w, https:\/\/toutevenement.fr\/evcv_new\/wp-content\/uploads\/2022\/12\/23roi_afficheHD-768x1086.jpg 768w, https:\/\/toutevenement.fr\/evcv_new\/wp-content\/uploads\/2022\/12\/23roi_afficheHD-1086x1536.jpg 1086w, https:\/\/toutevenement.fr\/evcv_new\/wp-content\/uploads\/2022\/12\/23roi_afficheHD-1448x2048.jpg 1448w, https:\/\/toutevenement.fr\/evcv_new\/wp-content\/uploads\/2022\/12\/23roi_afficheHD-1440x2036.jpg 1440w, https:\/\/toutevenement.fr\/evcv_new\/wp-content\/uploads\/2022\/12\/23roi_afficheHD-scaled.jpg 1810w\" sizes=\"(max-width: 724px) 100vw, 724px\" \/><\/figure>\n<\/div>\n\n\n\n<div class=\"wp-block-column is-layout-flow wp-block-column-is-layout-flow\">\n<figure class=\"wp-block-image size-large\"><img loading=\"lazy\" decoding=\"async\" width=\"724\" height=\"1024\" src=\"https:\/\/toutevenement.fr\/evcv_new\/wp-content\/uploads\/2022\/06\/22madeleine_affBD-724x1024.jpg\" alt=\"\" class=\"wp-image-231\" srcset=\"https:\/\/toutevenement.fr\/evcv_new\/wp-content\/uploads\/2022\/06\/22madeleine_affBD-724x1024.jpg 724w, https:\/\/toutevenement.fr\/evcv_new\/wp-content\/uploads\/2022\/06\/22madeleine_affBD-212x300.jpg 212w, https:\/\/toutevenement.fr\/evcv_new\/wp-content\/uploads\/2022\/06\/22madeleine_affBD-768x1086.jpg 768w, https:\/\/toutevenement.fr\/evcv_new\/wp-content\/uploads\/2022\/06\/22madeleine_affBD-1086x1536.jpg 1086w, https:\/\/toutevenement.fr\/evcv_new\/wp-content\/uploads\/2022\/06\/22madeleine_affBD-1448x2048.jpg 1448w, https:\/\/toutevenement.fr\/evcv_new\/wp-content\/uploads\/2022\/06\/22madeleine_affBD-1440x2037.jpg 1440w, https:\/\/toutevenement.fr\/evcv_new\/wp-content\/uploads\/2022\/06\/22madeleine_affBD-scaled.jpg 1810w\" sizes=\"(max-width: 724px) 100vw, 724px\" \/><\/figure>\n<\/div>\n<\/div>\n\n\n\n<p class=\"has-large-font-size\"><strong>Quelques affiches des concerts pass\u00e9s dans les Hauts-de-France, \u00e0 Lille, \u00e0 Rome, Venise ou Paris&#8230;<\/strong><\/p>\n\n\n\n<figure class=\"wp-block-image size-large is-resized\"><img loading=\"lazy\" decoding=\"async\" width=\"724\" height=\"1024\" src=\"https:\/\/toutevenement.fr\/evcv_new\/wp-content\/uploads\/2021\/07\/21RDO_affiche_web-724x1024.jpg\" alt=\"\" class=\"wp-image-202\" style=\"width:225px;height:318px\" srcset=\"https:\/\/toutevenement.fr\/evcv_new\/wp-content\/uploads\/2021\/07\/21RDO_affiche_web-724x1024.jpg 724w, https:\/\/toutevenement.fr\/evcv_new\/wp-content\/uploads\/2021\/07\/21RDO_affiche_web-212x300.jpg 212w, https:\/\/toutevenement.fr\/evcv_new\/wp-content\/uploads\/2021\/07\/21RDO_affiche_web-768x1086.jpg 768w, https:\/\/toutevenement.fr\/evcv_new\/wp-content\/uploads\/2021\/07\/21RDO_affiche_web-1086x1536.jpg 1086w, https:\/\/toutevenement.fr\/evcv_new\/wp-content\/uploads\/2021\/07\/21RDO_affiche_web-1448x2048.jpg 1448w, https:\/\/toutevenement.fr\/evcv_new\/wp-content\/uploads\/2021\/07\/21RDO_affiche_web-1440x2036.jpg 1440w, https:\/\/toutevenement.fr\/evcv_new\/wp-content\/uploads\/2021\/07\/21RDO_affiche_web-scaled.jpg 1810w\" sizes=\"(max-width: 724px) 100vw, 724px\" \/><\/figure>\n\n\n\n<figure class=\"wp-block-image size-medium is-style-default\"><img loading=\"lazy\" decoding=\"async\" width=\"212\" height=\"300\" src=\"https:\/\/toutevenement.fr\/evcv_new\/wp-content\/uploads\/2021\/06\/FIOL-Affichette-2021-v3-jpg-212x300.jpg\" alt=\"\" class=\"wp-image-170\" srcset=\"https:\/\/toutevenement.fr\/evcv_new\/wp-content\/uploads\/2021\/06\/FIOL-Affichette-2021-v3-jpg-212x300.jpg 212w, https:\/\/toutevenement.fr\/evcv_new\/wp-content\/uploads\/2021\/06\/FIOL-Affichette-2021-v3-jpg-724x1024.jpg 724w, https:\/\/toutevenement.fr\/evcv_new\/wp-content\/uploads\/2021\/06\/FIOL-Affichette-2021-v3-jpg-768x1086.jpg 768w, https:\/\/toutevenement.fr\/evcv_new\/wp-content\/uploads\/2021\/06\/FIOL-Affichette-2021-v3-jpg-1086x1536.jpg 1086w, https:\/\/toutevenement.fr\/evcv_new\/wp-content\/uploads\/2021\/06\/FIOL-Affichette-2021-v3-jpg.jpg 1241w\" sizes=\"(max-width: 212px) 100vw, 212px\" \/><\/figure>\n\n\n\n<figure class=\"wp-block-gallery has-nested-images columns-default is-cropped wp-block-gallery-2 is-layout-flex wp-block-gallery-is-layout-flex\">\n<figure class=\"wp-block-image size-large\"><img loading=\"lazy\" decoding=\"async\" width=\"852\" height=\"480\" data-id=\"88\" src=\"https:\/\/toutevenement.fr\/evcv_new\/wp-content\/uploads\/2021\/01\/20rois.png\" alt=\"\" class=\"wp-image-88\" srcset=\"https:\/\/toutevenement.fr\/evcv_new\/wp-content\/uploads\/2021\/01\/20rois.png 852w, https:\/\/toutevenement.fr\/evcv_new\/wp-content\/uploads\/2021\/01\/20rois-300x169.png 300w, https:\/\/toutevenement.fr\/evcv_new\/wp-content\/uploads\/2021\/01\/20rois-768x433.png 768w\" sizes=\"(max-width: 852px) 100vw, 852px\" \/><\/figure>\n<\/figure>\n\n\n\n<figure class=\"wp-block-gallery has-nested-images columns-default is-cropped wp-block-gallery-3 is-layout-flex wp-block-gallery-is-layout-flex\">\n<figure class=\"wp-block-image size-large\"><img loading=\"lazy\" decoding=\"async\" width=\"480\" height=\"480\" data-id=\"118\" src=\"https:\/\/toutevenement.fr\/evcv_new\/wp-content\/uploads\/2021\/01\/clara-voce-print-1.jpg\" alt=\"\" class=\"wp-image-118\" srcset=\"https:\/\/toutevenement.fr\/evcv_new\/wp-content\/uploads\/2021\/01\/clara-voce-print-1.jpg 480w, https:\/\/toutevenement.fr\/evcv_new\/wp-content\/uploads\/2021\/01\/clara-voce-print-1-300x300.jpg 300w, https:\/\/toutevenement.fr\/evcv_new\/wp-content\/uploads\/2021\/01\/clara-voce-print-1-150x150.jpg 150w\" sizes=\"(max-width: 480px) 100vw, 480px\" \/><\/figure>\n\n\n\n<figure class=\"wp-block-image size-large\"><img loading=\"lazy\" decoding=\"async\" width=\"339\" height=\"480\" data-id=\"139\" src=\"https:\/\/toutevenement.fr\/evcv_new\/wp-content\/uploads\/2021\/01\/affiche-rome2017.jpg\" alt=\"\" class=\"wp-image-139\" srcset=\"https:\/\/toutevenement.fr\/evcv_new\/wp-content\/uploads\/2021\/01\/affiche-rome2017.jpg 339w, https:\/\/toutevenement.fr\/evcv_new\/wp-content\/uploads\/2021\/01\/affiche-rome2017-212x300.jpg 212w\" sizes=\"(max-width: 339px) 100vw, 339px\" \/><\/figure>\n\n\n\n<figure class=\"wp-block-image size-large\"><img loading=\"lazy\" decoding=\"async\" width=\"180\" height=\"256\" data-id=\"124\" src=\"https:\/\/toutevenement.fr\/evcv_new\/wp-content\/uploads\/2021\/01\/paris-evcv-1.jpg\" alt=\"\" class=\"wp-image-124\"\/><\/figure>\n\n\n\n<figure class=\"wp-block-image size-large\"><img loading=\"lazy\" decoding=\"async\" width=\"339\" height=\"480\" data-id=\"137\" src=\"https:\/\/toutevenement.fr\/evcv_new\/wp-content\/uploads\/2021\/01\/1916marcq-a01.jpg\" alt=\"\" class=\"wp-image-137\" srcset=\"https:\/\/toutevenement.fr\/evcv_new\/wp-content\/uploads\/2021\/01\/1916marcq-a01.jpg 339w, https:\/\/toutevenement.fr\/evcv_new\/wp-content\/uploads\/2021\/01\/1916marcq-a01-212x300.jpg 212w\" sizes=\"(max-width: 339px) 100vw, 339px\" \/><\/figure>\n\n\n\n<figure class=\"wp-block-image size-large\"><img loading=\"lazy\" decoding=\"async\" width=\"480\" height=\"276\" data-id=\"119\" src=\"https:\/\/toutevenement.fr\/evcv_new\/wp-content\/uploads\/2021\/01\/clara-voce-venise-concert-001.jpg\" alt=\"\" class=\"wp-image-119\" srcset=\"https:\/\/toutevenement.fr\/evcv_new\/wp-content\/uploads\/2021\/01\/clara-voce-venise-concert-001.jpg 480w, https:\/\/toutevenement.fr\/evcv_new\/wp-content\/uploads\/2021\/01\/clara-voce-venise-concert-001-300x173.jpg 300w\" sizes=\"(max-width: 480px) 100vw, 480px\" \/><\/figure>\n\n\n\n<figure class=\"wp-block-image size-large\"><img loading=\"lazy\" decoding=\"async\" width=\"336\" height=\"480\" data-id=\"120\" src=\"https:\/\/toutevenement.fr\/evcv_new\/wp-content\/uploads\/2021\/01\/cpourlapaix06-1.jpg\" alt=\"\" class=\"wp-image-120\" srcset=\"https:\/\/toutevenement.fr\/evcv_new\/wp-content\/uploads\/2021\/01\/cpourlapaix06-1.jpg 336w, https:\/\/toutevenement.fr\/evcv_new\/wp-content\/uploads\/2021\/01\/cpourlapaix06-1-210x300.jpg 210w\" sizes=\"(max-width: 336px) 100vw, 336px\" \/><\/figure>\n\n\n\n<figure class=\"wp-block-image size-large\"><img loading=\"lazy\" decoding=\"async\" width=\"343\" height=\"480\" data-id=\"121\" src=\"https:\/\/toutevenement.fr\/evcv_new\/wp-content\/uploads\/2021\/01\/cv-bourgelles-affiche-1.jpg\" alt=\"\" class=\"wp-image-121\" srcset=\"https:\/\/toutevenement.fr\/evcv_new\/wp-content\/uploads\/2021\/01\/cv-bourgelles-affiche-1.jpg 343w, https:\/\/toutevenement.fr\/evcv_new\/wp-content\/uploads\/2021\/01\/cv-bourgelles-affiche-1-214x300.jpg 214w\" sizes=\"(max-width: 343px) 100vw, 343px\" \/><\/figure>\n\n\n\n<figure class=\"wp-block-image size-large\"><img loading=\"lazy\" decoding=\"async\" width=\"339\" height=\"480\" data-id=\"117\" src=\"https:\/\/toutevenement.fr\/evcv_new\/wp-content\/uploads\/2021\/01\/canteraines.jpg\" alt=\"\" class=\"wp-image-117\" srcset=\"https:\/\/toutevenement.fr\/evcv_new\/wp-content\/uploads\/2021\/01\/canteraines.jpg 339w, https:\/\/toutevenement.fr\/evcv_new\/wp-content\/uploads\/2021\/01\/canteraines-212x300.jpg 212w\" sizes=\"(max-width: 339px) 100vw, 339px\" \/><\/figure>\n\n\n\n<figure class=\"wp-block-image size-large\"><img loading=\"lazy\" decoding=\"async\" width=\"283\" height=\"400\" data-id=\"122\" src=\"https:\/\/toutevenement.fr\/evcv_new\/wp-content\/uploads\/2021\/01\/image-preview.jpg\" alt=\"\" class=\"wp-image-122\" srcset=\"https:\/\/toutevenement.fr\/evcv_new\/wp-content\/uploads\/2021\/01\/image-preview.jpg 283w, https:\/\/toutevenement.fr\/evcv_new\/wp-content\/uploads\/2021\/01\/image-preview-212x300.jpg 212w\" sizes=\"(max-width: 283px) 100vw, 283px\" \/><\/figure>\n\n\n\n<figure class=\"wp-block-image size-large\"><img loading=\"lazy\" decoding=\"async\" width=\"182\" height=\"256\" data-id=\"123\" src=\"https:\/\/toutevenement.fr\/evcv_new\/wp-content\/uploads\/2021\/01\/mouvaux-1.jpg\" alt=\"\" class=\"wp-image-123\"\/><\/figure>\n\n\n\n<figure class=\"wp-block-image size-large\"><img loading=\"lazy\" decoding=\"async\" width=\"182\" height=\"256\" data-id=\"125\" src=\"https:\/\/toutevenement.fr\/evcv_new\/wp-content\/uploads\/2021\/01\/pellevoisin-1.jpg\" alt=\"\" class=\"wp-image-125\"\/><\/figure>\n\n\n\n<figure class=\"wp-block-image size-large\"><img loading=\"lazy\" decoding=\"async\" width=\"180\" height=\"256\" data-id=\"126\" src=\"https:\/\/toutevenement.fr\/evcv_new\/wp-content\/uploads\/2021\/01\/rois14-1.jpg\" alt=\"\" class=\"wp-image-126\"\/><\/figure>\n\n\n\n<figure class=\"wp-block-image size-large\"><img loading=\"lazy\" decoding=\"async\" width=\"360\" height=\"480\" data-id=\"127\" src=\"https:\/\/toutevenement.fr\/evcv_new\/wp-content\/uploads\/2021\/01\/15lumbres-affa3-projet1v02-1.jpg\" alt=\"\" class=\"wp-image-127\" srcset=\"https:\/\/toutevenement.fr\/evcv_new\/wp-content\/uploads\/2021\/01\/15lumbres-affa3-projet1v02-1.jpg 360w, https:\/\/toutevenement.fr\/evcv_new\/wp-content\/uploads\/2021\/01\/15lumbres-affa3-projet1v02-1-225x300.jpg 225w\" sizes=\"(max-width: 360px) 100vw, 360px\" \/><\/figure>\n\n\n\n<figure class=\"wp-block-image size-large\"><img loading=\"lazy\" decoding=\"async\" width=\"339\" height=\"480\" data-id=\"128\" src=\"https:\/\/toutevenement.fr\/evcv_new\/wp-content\/uploads\/2021\/01\/16afficheroi-1.jpg\" alt=\"\" class=\"wp-image-128\" srcset=\"https:\/\/toutevenement.fr\/evcv_new\/wp-content\/uploads\/2021\/01\/16afficheroi-1.jpg 339w, https:\/\/toutevenement.fr\/evcv_new\/wp-content\/uploads\/2021\/01\/16afficheroi-1-212x300.jpg 212w\" sizes=\"(max-width: 339px) 100vw, 339px\" \/><\/figure>\n\n\n\n<figure class=\"wp-block-image size-large\"><img loading=\"lazy\" decoding=\"async\" width=\"342\" height=\"480\" data-id=\"129\" src=\"https:\/\/toutevenement.fr\/evcv_new\/wp-content\/uploads\/2021\/01\/16rdo-com450-1.jpg\" alt=\"\" class=\"wp-image-129\" srcset=\"https:\/\/toutevenement.fr\/evcv_new\/wp-content\/uploads\/2021\/01\/16rdo-com450-1.jpg 342w, https:\/\/toutevenement.fr\/evcv_new\/wp-content\/uploads\/2021\/01\/16rdo-com450-1-214x300.jpg 214w\" sizes=\"(max-width: 342px) 100vw, 342px\" \/><\/figure>\n\n\n\n<figure class=\"wp-block-image size-large\"><img loading=\"lazy\" decoding=\"async\" width=\"339\" height=\"480\" data-id=\"130\" src=\"https:\/\/toutevenement.fr\/evcv_new\/wp-content\/uploads\/2021\/01\/17affichemouvaux-1.jpg\" alt=\"\" class=\"wp-image-130\" srcset=\"https:\/\/toutevenement.fr\/evcv_new\/wp-content\/uploads\/2021\/01\/17affichemouvaux-1.jpg 339w, https:\/\/toutevenement.fr\/evcv_new\/wp-content\/uploads\/2021\/01\/17affichemouvaux-1-212x300.jpg 212w\" sizes=\"(max-width: 339px) 100vw, 339px\" \/><\/figure>\n\n\n\n<figure class=\"wp-block-image size-large\"><img loading=\"lazy\" decoding=\"async\" width=\"339\" height=\"480\" data-id=\"131\" src=\"https:\/\/toutevenement.fr\/evcv_new\/wp-content\/uploads\/2021\/01\/17afficheroi-1.jpg\" alt=\"\" class=\"wp-image-131\" srcset=\"https:\/\/toutevenement.fr\/evcv_new\/wp-content\/uploads\/2021\/01\/17afficheroi-1.jpg 339w, https:\/\/toutevenement.fr\/evcv_new\/wp-content\/uploads\/2021\/01\/17afficheroi-1-212x300.jpg 212w\" sizes=\"(max-width: 339px) 100vw, 339px\" \/><\/figure>\n\n\n\n<figure class=\"wp-block-image size-large\"><img loading=\"lazy\" decoding=\"async\" width=\"320\" height=\"480\" data-id=\"132\" src=\"https:\/\/toutevenement.fr\/evcv_new\/wp-content\/uploads\/2021\/01\/18-evcv-trainjaune-web.jpg\" alt=\"\" class=\"wp-image-132\" srcset=\"https:\/\/toutevenement.fr\/evcv_new\/wp-content\/uploads\/2021\/01\/18-evcv-trainjaune-web.jpg 320w, https:\/\/toutevenement.fr\/evcv_new\/wp-content\/uploads\/2021\/01\/18-evcv-trainjaune-web-200x300.jpg 200w\" sizes=\"(max-width: 320px) 100vw, 320px\" \/><\/figure>\n\n\n\n<figure class=\"wp-block-image size-large\"><img loading=\"lazy\" decoding=\"async\" width=\"358\" height=\"480\" data-id=\"133\" src=\"https:\/\/toutevenement.fr\/evcv_new\/wp-content\/uploads\/2021\/01\/18fiol.jpg\" alt=\"\" class=\"wp-image-133\" srcset=\"https:\/\/toutevenement.fr\/evcv_new\/wp-content\/uploads\/2021\/01\/18fiol.jpg 358w, https:\/\/toutevenement.fr\/evcv_new\/wp-content\/uploads\/2021\/01\/18fiol-224x300.jpg 224w\" sizes=\"(max-width: 358px) 100vw, 358px\" \/><\/figure>\n\n\n\n<figure class=\"wp-block-image size-large\"><img loading=\"lazy\" decoding=\"async\" width=\"339\" height=\"480\" data-id=\"134\" src=\"https:\/\/toutevenement.fr\/evcv_new\/wp-content\/uploads\/2021\/01\/18rois-afficheweb.jpg\" alt=\"\" class=\"wp-image-134\" srcset=\"https:\/\/toutevenement.fr\/evcv_new\/wp-content\/uploads\/2021\/01\/18rois-afficheweb.jpg 339w, https:\/\/toutevenement.fr\/evcv_new\/wp-content\/uploads\/2021\/01\/18rois-afficheweb-212x300.jpg 212w\" sizes=\"(max-width: 339px) 100vw, 339px\" \/><\/figure>\n\n\n\n<figure class=\"wp-block-image size-large\"><img loading=\"lazy\" decoding=\"async\" width=\"480\" height=\"339\" data-id=\"135\" src=\"https:\/\/toutevenement.fr\/evcv_new\/wp-content\/uploads\/2021\/01\/18tcg-fly0005.jpg\" alt=\"\" class=\"wp-image-135\" srcset=\"https:\/\/toutevenement.fr\/evcv_new\/wp-content\/uploads\/2021\/01\/18tcg-fly0005.jpg 480w, https:\/\/toutevenement.fr\/evcv_new\/wp-content\/uploads\/2021\/01\/18tcg-fly0005-300x212.jpg 300w\" sizes=\"(max-width: 480px) 100vw, 480px\" \/><\/figure>\n\n\n\n<figure class=\"wp-block-image size-large\"><img loading=\"lazy\" decoding=\"async\" width=\"339\" height=\"480\" data-id=\"136\" src=\"https:\/\/toutevenement.fr\/evcv_new\/wp-content\/uploads\/2021\/01\/20roi-affiche.jpg\" alt=\"\" class=\"wp-image-136\" srcset=\"https:\/\/toutevenement.fr\/evcv_new\/wp-content\/uploads\/2021\/01\/20roi-affiche.jpg 339w, https:\/\/toutevenement.fr\/evcv_new\/wp-content\/uploads\/2021\/01\/20roi-affiche-212x300.jpg 212w\" sizes=\"(max-width: 339px) 100vw, 339px\" \/><\/figure>\n\n\n\n<figure class=\"wp-block-image size-large\"><img loading=\"lazy\" decoding=\"async\" width=\"342\" height=\"480\" data-id=\"138\" src=\"https:\/\/toutevenement.fr\/evcv_new\/wp-content\/uploads\/2021\/01\/48991586-2397100343664965-3050591635420217344-n.jpg\" alt=\"\" class=\"wp-image-138\" srcset=\"https:\/\/toutevenement.fr\/evcv_new\/wp-content\/uploads\/2021\/01\/48991586-2397100343664965-3050591635420217344-n.jpg 342w, https:\/\/toutevenement.fr\/evcv_new\/wp-content\/uploads\/2021\/01\/48991586-2397100343664965-3050591635420217344-n-214x300.jpg 214w\" sizes=\"(max-width: 342px) 100vw, 342px\" \/><\/figure>\n\n\n\n<figure class=\"wp-block-image size-large\"><img loading=\"lazy\" decoding=\"async\" width=\"183\" height=\"256\" data-id=\"140\" src=\"https:\/\/toutevenement.fr\/evcv_new\/wp-content\/uploads\/2021\/01\/affiche-sme-1.jpg\" alt=\"\" class=\"wp-image-140\"\/><\/figure>\n<\/figure>\n\n\n\n<div class=\"wp-block-group\"><div class=\"wp-block-group__inner-container is-layout-flow wp-block-group-is-layout-flow\"><\/div><\/div>\n\n\n\n<p><br><\/p>\n\n\n\n<div class=\"wp-block-columns is-layout-flex wp-container-core-columns-is-layout-4 wp-block-columns-is-layout-flex\"><\/div>\n\n\n\n<div class=\"wp-block-columns is-layout-flex wp-container-core-columns-is-layout-5 wp-block-columns-is-layout-flex\"><\/div>\n","protected":false},"excerpt":{"rendered":"<p>Quelques affiches des concerts pass\u00e9s dans les Hauts-de-France, \u00e0 Lille, \u00e0 Rome, Venise ou Paris&#8230;<\/p>\n","protected":false},"author":1,"featured_media":0,"parent":0,"menu_order":0,"comment_status":"closed","ping_status":"closed","template":"","meta":{"footnotes":""},"_links":{"self":[{"href":"https:\/\/toutevenement.fr\/evcv_new\/index.php\/wp-json\/wp\/v2\/pages\/53"}],"collection":[{"href":"https:\/\/toutevenement.fr\/evcv_new\/index.php\/wp-json\/wp\/v2\/pages"}],"about":[{"href":"https:\/\/toutevenement.fr\/evcv_new\/index.php\/wp-json\/wp\/v2\/types\/page"}],"author":[{"embeddable":true,"href":"https:\/\/toutevenement.fr\/evcv_new\/index.php\/wp-json\/wp\/v2\/users\/1"}],"replies":[{"embeddable":true,"href":"https:\/\/toutevenement.fr\/evcv_new\/index.php\/wp-json\/wp\/v2\/comments?post=53"}],"version-history":[{"count":12,"href":"https:\/\/toutevenement.fr\/evcv_new\/index.php\/wp-json\/wp\/v2\/pages\/53\/revisions"}],"predecessor-version":[{"id":312,"href":"https:\/\/toutevenement.fr\/evcv_new\/index.php\/wp-json\/wp\/v2\/pages\/53\/revisions\/312"}],"wp:attachment":[{"href":"https:\/\/toutevenement.fr\/evcv_new\/index.php\/wp-json\/wp\/v2\/media?parent=53"}],"curies":[{"name":"wp","href":"https:\/\/api.w.org\/{rel}","templated":true}]}}