{"id":21,"date":"2021-01-01T12:37:31","date_gmt":"2021-01-01T11:37:31","guid":{"rendered":"http:\/\/toutevenement.fr\/evcv_new\/?page_id=21"},"modified":"2021-01-01T14:50:30","modified_gmt":"2021-01-01T13:50:30","slug":"le-chef-et-les-choristes","status":"publish","type":"page","link":"https:\/\/toutevenement.fr\/evcv_new\/index.php\/le-chef-et-les-choristes\/","title":{"rendered":"Le chef et les choristes"},"content":{"rendered":"\n<p>Clara Voce est un ensemble vocal polyphonique mixte qui comprend une quarantaine de chanteurs amateurs bas\u00e9 dans le nord de la France (Lille \/ Marcq en Baroeul). Il offre \u00e0 ses membres le plaisir partag\u00e9 de chanter ensemble et le d\u00e9veloppement culturel et musical \u00e0 ses chanteurs et au public. Cr\u00e9\u00e9 pendant l&#8217;\u00e9t\u00e9 2011, Clara Voce se produit depuis r\u00e9guli\u00e8rement en France (Hauts de France, Paris) et est invit\u00e9e dans d&#8217;autres pays europ\u00e9ens (Belgique, Italie). <\/p>\n\n\n\n<figure class=\"wp-block-image size-large\"><img loading=\"lazy\" decoding=\"async\" width=\"1024\" height=\"394\" src=\"https:\/\/toutevenement.fr\/evcv_new\/wp-content\/uploads\/2021\/01\/2018-01-07_Pidz-502-Panorama-1024x394.jpg\" alt=\"\" class=\"wp-image-94\" srcset=\"https:\/\/toutevenement.fr\/evcv_new\/wp-content\/uploads\/2021\/01\/2018-01-07_Pidz-502-Panorama-1024x394.jpg 1024w, https:\/\/toutevenement.fr\/evcv_new\/wp-content\/uploads\/2021\/01\/2018-01-07_Pidz-502-Panorama-300x115.jpg 300w, https:\/\/toutevenement.fr\/evcv_new\/wp-content\/uploads\/2021\/01\/2018-01-07_Pidz-502-Panorama-768x296.jpg 768w, https:\/\/toutevenement.fr\/evcv_new\/wp-content\/uploads\/2021\/01\/2018-01-07_Pidz-502-Panorama-1536x591.jpg 1536w, https:\/\/toutevenement.fr\/evcv_new\/wp-content\/uploads\/2021\/01\/2018-01-07_Pidz-502-Panorama-1440x554.jpg 1440w, https:\/\/toutevenement.fr\/evcv_new\/wp-content\/uploads\/2021\/01\/2018-01-07_Pidz-502-Panorama.jpg 1772w\" sizes=\"(max-width: 899px) 100vw, (max-width: 1024px) 70vw,1024px\" \/><\/figure>\n\n\n\n<p>Cette chorale g\u00e9n\u00e9raliste s&#8217;illustre dans divers programmes (baroque, classique et romantique, contemporain), avec une pr\u00e9f\u00e9rence pour la musique sacr\u00e9e avec orgue. Le ch\u0153ur travaille \u00e9galement avec d&#8217;autres musiciens et instrumentistes et artistes (chor\u00e9graphe, acteurs). <\/p>\n\n\n\n<figure class=\"wp-block-image size-large\"><img loading=\"lazy\" decoding=\"async\" width=\"1024\" height=\"682\" src=\"https:\/\/toutevenement.fr\/evcv_new\/wp-content\/uploads\/2021\/01\/2018-01-07_Pidz-136-1024x682.jpg\" alt=\"\" class=\"wp-image-95\" srcset=\"https:\/\/toutevenement.fr\/evcv_new\/wp-content\/uploads\/2021\/01\/2018-01-07_Pidz-136-1024x682.jpg 1024w, https:\/\/toutevenement.fr\/evcv_new\/wp-content\/uploads\/2021\/01\/2018-01-07_Pidz-136-300x200.jpg 300w, https:\/\/toutevenement.fr\/evcv_new\/wp-content\/uploads\/2021\/01\/2018-01-07_Pidz-136-768x512.jpg 768w, https:\/\/toutevenement.fr\/evcv_new\/wp-content\/uploads\/2021\/01\/2018-01-07_Pidz-136-1536x1024.jpg 1536w, https:\/\/toutevenement.fr\/evcv_new\/wp-content\/uploads\/2021\/01\/2018-01-07_Pidz-136-1440x960.jpg 1440w, https:\/\/toutevenement.fr\/evcv_new\/wp-content\/uploads\/2021\/01\/2018-01-07_Pidz-136.jpg 1772w\" sizes=\"(max-width: 899px) 100vw, (max-width: 1024px) 70vw,1024px\" \/><\/figure>\n\n\n\n<p>Cette chorale g\u00e9n\u00e9raliste s&#8217;illustre dans divers programmes (baroque, classique et romantique, contemporain), avec une pr\u00e9f\u00e9rence pour la musique sacr\u00e9e avec orgue. Le ch\u0153ur travaille \u00e9galement avec d&#8217;autres musiciens et instrumentistes et artistes (chor\u00e9graphe, acteurs). <\/p>\n\n\n\n<p>L&#8217;ensemble est plac\u00e9 sous la direction artistique et musicale de Jean- Fran\u00e7ois Pichon. Les chanteurs b\u00e9n\u00e9ficient r\u00e9guli\u00e8rement d&#8217;un accompagnement de technique vocale, de positionnement, gr\u00e2ce \u00e0 la complicit\u00e9 de chanteurs professionnels et coachs vocaux.<\/p>\n\n\n\n<figure class=\"wp-block-image size-large\"><img loading=\"lazy\" decoding=\"async\" width=\"1024\" height=\"682\" src=\"https:\/\/toutevenement.fr\/evcv_new\/wp-content\/uploads\/2021\/01\/2018-01-07_Pidz-86-1024x682.jpg\" alt=\"\" class=\"wp-image-96\" srcset=\"https:\/\/toutevenement.fr\/evcv_new\/wp-content\/uploads\/2021\/01\/2018-01-07_Pidz-86-1024x682.jpg 1024w, https:\/\/toutevenement.fr\/evcv_new\/wp-content\/uploads\/2021\/01\/2018-01-07_Pidz-86-300x200.jpg 300w, https:\/\/toutevenement.fr\/evcv_new\/wp-content\/uploads\/2021\/01\/2018-01-07_Pidz-86-768x512.jpg 768w, https:\/\/toutevenement.fr\/evcv_new\/wp-content\/uploads\/2021\/01\/2018-01-07_Pidz-86-1536x1024.jpg 1536w, https:\/\/toutevenement.fr\/evcv_new\/wp-content\/uploads\/2021\/01\/2018-01-07_Pidz-86-1440x960.jpg 1440w, https:\/\/toutevenement.fr\/evcv_new\/wp-content\/uploads\/2021\/01\/2018-01-07_Pidz-86.jpg 1772w\" sizes=\"(max-width: 899px) 100vw, (max-width: 1024px) 70vw,1024px\" \/><\/figure>\n","protected":false},"excerpt":{"rendered":"<p>Clara Voce est un ensemble vocal polyphonique mixte qui comprend une quarantaine de chanteurs amateurs bas\u00e9 dans le nord de la France (Lille \/ Marcq en Baroeul). Il offre \u00e0 ses membres le plaisir partag\u00e9 de chanter ensemble et le d\u00e9veloppement culturel et musical \u00e0 ses chanteurs et au public. Cr\u00e9\u00e9 pendant l&#8217;\u00e9t\u00e9 2011, Clara&hellip;<\/p>\n","protected":false},"author":1,"featured_media":0,"parent":0,"menu_order":0,"comment_status":"closed","ping_status":"closed","template":"","meta":{"footnotes":""},"_links":{"self":[{"href":"https:\/\/toutevenement.fr\/evcv_new\/index.php\/wp-json\/wp\/v2\/pages\/21"}],"collection":[{"href":"https:\/\/toutevenement.fr\/evcv_new\/index.php\/wp-json\/wp\/v2\/pages"}],"about":[{"href":"https:\/\/toutevenement.fr\/evcv_new\/index.php\/wp-json\/wp\/v2\/types\/page"}],"author":[{"embeddable":true,"href":"https:\/\/toutevenement.fr\/evcv_new\/index.php\/wp-json\/wp\/v2\/users\/1"}],"replies":[{"embeddable":true,"href":"https:\/\/toutevenement.fr\/evcv_new\/index.php\/wp-json\/wp\/v2\/comments?post=21"}],"version-history":[{"count":3,"href":"https:\/\/toutevenement.fr\/evcv_new\/index.php\/wp-json\/wp\/v2\/pages\/21\/revisions"}],"predecessor-version":[{"id":98,"href":"https:\/\/toutevenement.fr\/evcv_new\/index.php\/wp-json\/wp\/v2\/pages\/21\/revisions\/98"}],"wp:attachment":[{"href":"https:\/\/toutevenement.fr\/evcv_new\/index.php\/wp-json\/wp\/v2\/media?parent=21"}],"curies":[{"name":"wp","href":"https:\/\/api.w.org\/{rel}","templated":true}]}}